ime?
True
Let j(u) = 406*u**2 + 12*u + 169. Is j(-11) prime?
False
Is 3088247/183*(0 - -3) a composite number?
False
Is (26 - 35) + (24200 - 0) composite?
True
Let a = 207 - 196. Let h(m) = m**3 + 3*m**2 - 11*m - 4. Is h(a) a composite number?
True
Suppose 287*j - 269*j + 270 = 0. Is ((-84844)/(-6))/((-10)/j) composite?
False
Suppose -5*w + 3*y = 8*y + 8150, 0 = -2*w + 2*y - 3272. Let l = w + 14907. Is l a prime number?
False
Let t(s) = -16613*s + 994. Is t(-3) prime?
True
Suppose 2045719 = 160*c - 147*c. Is c prime?
True
Let r(z) = z**2 - 34*z + 289. Let o be r(19). Let p(j) = -j**2 + 4*j + 4. Let u be p(4). Suppose 3*y + 1643 = 6*y + u*c, c = -o. Is y a composite number?
True
Let b = -4288 + 6038. Let g = -545 + b. Is g a prime number?
False
Let p(g) = -g**3 + 38*g**2 + 39*g - 9. Let h be p(39). Let k(c) = -c**3 - 5*c**2 + 13*c + 139. Is k(h) a prime number?
False
Suppose -3*w + 2*r = -14, 0 = 5*w - w - 4*r - 20. Let m be (-4)/(w - 0) - 5. Is 2/m*1 + (-848)/(-6) a prime number?
False
Let i = -131548 + 186137. Is i prime?
False
Let o(p) = 34*p**3 + 11*p**2 - 39*p - 59. Is o(15) composite?
True
Let a(k) = -1979*k - 13357. Is a(-10) a composite number?
True
Suppose -5*j - 5*y + 5970005 = 0, j - 5*y - 306939 = 887086. Is j prime?
False
Let j = -10 - -24. Let w(r) = 2*r**3 + 5*r**2 + 21*r + 26. Let x(b) = -b**3 + b**2 - b + 1. Let h(m) = -w(m) - 3*x(m). Is h(j) prime?
False
Suppose -11 = n + q + 12, 4*n - 4*q = -132. Let v = -25 - n. Suppose -191 = -z + 3*h, 0 = -4*h + v*h - 2. Is z composite?
True
Suppose -2*c + 1933 - 95 = 0. Let h be (-1560)/(-56) - ((-30)/14 - -2). Let i = c + h. Is i prime?
True
Suppose -3*z - 11*r + 47 = -9*r, 5*z = -4*r + 79. Suppose -99 + 29 = -5*f. Suppose -f*v + z*v = 1561. Is v a prime number?
False
Suppose 67710 = 2*c - 4*t, -35*c + 32*c = -4*t - 101555. Suppose -18*h + 13*h + c = 0. Is h a composite number?
True
Suppose 4*t = -29 + 49. Suppose -4*f + 81337 + 4679 = 0. Suppose 5*p = -t*u - 1059 + f, 0 = -p - 5*u + 4081. Is p a prime number?
True
Let i = 29 - 27. Suppose 0 = -l + i*l - 103. Suppose 289 = 3*f + l. Is f prime?
False
Let z be (-224)/(-6) + (-10)/(-15). Let y = z + -36. Suppose y*v = -s + 787, 3*v + 4*s = -v + 1576. Is v a composite number?
True
Let n be 0 + 2 - (6 - 7). Suppose n*q - 96 = -6*h + 2*h, 3*h - 2*q - 55 = 0. Is (-7)/(-2)*7908/h a composite number?
True
Suppose 14*p = 2*p - 12. Let d(c) = 3198*c**2 + c. Is d(p) a composite number?
True
Let z = 119 - 119. Is -2517*(2 - z - 154/66) prime?
True
Let z = 6371 + -10948. Let j = 3920 - z. Is j a composite number?
True
Let a(l) = 461*l + 49. Suppose 3*d = 5*f - 28, 2*d = 3*d + f + 20. Let m be a(d). Let o = m - -10266. Is o composite?
False
Is 64147 - 1 - (-20 + 60/4) prime?
True
Suppose -5*g = -2*g - 720. Suppose -b = -g + 51. Suppose 4*i - 761 = 3*a - 0*a, -2*a - b = -i. Is i composite?
False
Suppose 0 = -z + 2*u + 10, -2*u - 16 = -6*z + 4*z. Suppose 0 = 2*x - 2, -5*g - 5*x - 1038 = -z*g. Is g a prime number?
False
Let s(v) = 3320*v - 859. Is s(16) a prime number?
False
Let z(c) = 2*c + 32. Let u(g) = g + 16. Let m(a) = -5*u(a) + 2*z(a). Let o be m(-17). Is ((-154)/(-6))/((2/6)/o) prime?
False
Let w(u) = 1060*u + 4. Let t be w(4). Let m = -398 - -401. Suppose m*f - t = -f. Is f a prime number?
True
Let o = -2 + -10. Suppose -4*d + 5*s = -2*d - 6, 9 = 3*d - 4*s. Is (-3 - 5511/o) + d/4 a prime number?
True
Suppose -3172 = i + 1013. Let l = 10653 - 2963. Let c = i + l. Is c composite?
True
Let y(z) = 10*z + 57. Let v be y(-6). Let j be ((-1398)/3 + 0)*-5. Is (3 + j)/(v + 4) prime?
True
Let t(m) = m**2 + 23*m + 98. Let z be t(-5). Is 5070 + (-8)/z*-7 a composite number?
False
Let l be (3*22/8)/(6/168). Suppose 0 = 3*s - 2*q - l, 4*s - 303 = 2*q - q. Is (-60850)/s*(-6)/4 prime?
True
Suppose -i + 12610 = -4*f, 12 = -10*f + 6*f. Is (-5 - 6/((-36)/33))*i prime?
True
Let f(i) = -413*i**3 + 14*i**2 + 92*i - 19. Is f(-8) composite?
False
Let b = 15181 + 29646. Is b a prime number?
False
Suppose 6*l + 149115 + 105267 = 0. Let v = l + 60474. Is v a composite number?
False
Let r = 36 + -36. Let d be (292 + 1)*(-4 - -5 - r). Suppose 0*a - d = -a. Is a prime?
True
Let u(g) = -g**3 - 2*g**2 - 2*g + 753. Let n be 0*(0 - 6)/(-6). Is u(n) composite?
True
Let p be (-60)/(-8)*(-1)/(15/(-11796)). Let s(t) = -8*t - 9. Let l be s(-2). Suppose l*h - 9*h = -p. Is h composite?
True
Suppose -t = 22 - 24. Suppose 0 = 2*o + t*d + 16, -9 = -4*o - 2*d - 33. Is 213*1/(-4)*o/1 a composite number?
True
Suppose -855519 = 2039*z - 2042*z. Is z prime?
False
Suppose 63600 = -0*d + 16*d. Suppose 0 = f - 4*b - d, -f + 15866 = 3*f + b. Is f a prime number?
True
Let s = 289498 - 119775. Is s prime?
False
Let u(g) = -11722*g - 327. Is u(-2) prime?
True
Let i = 1624 + -1025. Suppose y = -2, j + 4286 = 6*j + 2*y. Let s = j - i. Is s prime?
False
Suppose -27*y + 146*y - 2369647 = 0. Is y a composite number?
False
Suppose 284 = -j + 3*j + h, 4*j + 3*h - 572 = 0. Suppose -5*k = -j + 110. Let b(y) = 5*y**3 + 2*y**2 - 3*y + 15. Is b(k) a composite number?
True
Let y be ((-7820)/(-14))/(26/182). Suppose y - 668 = t. Suppose -t = -3*k + k. Is k prime?
True
Let w = 39276 - -10985. Is w a prime number?
True
Suppose 994 - 982 = 4*p. Let u(z) = 161*z**3 - 7*z**2 + 2*z - 7. Is u(p) prime?
True
Suppose -10*r + 14*r + 8 = 0. Let p be r*(-1 + (-2)/4). Suppose -5*i - 50 = -5*k, 3*i = p*k - i - 29. Is k a prime number?
True
Let v be 1/((0 - 1)*1). Let q(u) = 63*u + 110. Let g be q(0). Is -21*g/(-15) + 4 + v a prime number?
True
Let a = 3740 - 1710. Suppose a = 3*b - b. Suppose -3*r - 2*r = -b. Is r a composite number?
True
Is ((-153)/136 - -1) + 134537/8 a prime number?
False
Let f = -956 - -960. Suppose i - 17890 = 26*n - 23*n, f*i + n = 71521. Is i a composite number?
False
Suppose 6*b = 149 - 23. Suppose 0 = -b*l + 24*l - 28293. Is l composite?
False
Let v(u) = -5674*u - 15. Let h(x) = -5675*x - 14. Let a(r) = -5*h(r) + 4*v(r). Let y be a(3). Suppose -b = 5*j - y, b = -b + 4. Is j a prime number?
False
Is 263540 + 5*(-11)/(-110)*-14 a prime number?
True
Suppose 3*x + 15 = -g, -g - 7 = -0*g - x. Let a(h) = -37*h - 82. Is a(g) a prime number?
True
Let s be 2 - (2 - 1)/(1/(-3)). Suppose 0 = s*k - 5, -4*v - 2*k = -3*v - 13269. Is v prime?
True
Suppose -12 = 2*m, -3*m + 12101 - 1597 = 2*p. Is p composite?
False
Suppose 19*t - 24511 = 17*t + 3*u, -3*t = u - 36794. Is t a composite number?
False
Let k = 109 + -104. Suppose 2*i - 4*j - 20550 = -0*j, -k*i - j = -51320. Is i prime?
False
Let i = -313 - -317. Is (3 - 0 - 15138/(-72))*i composite?
False
Suppose -3*o + 36418 = 5*q, 10*o = -q + 5*o + 7266. Suppose -g = g - q. Is g a composite number?
False
Let c(f) = 8*f**2 + 38*f - 73. Is c(2) a composite number?
True
Let l be 97508/8 - (-2)/16*-4. Suppose -2765 = -3*h - l. Let f = h - -4426. Is f a composite number?
True
Let m be 1/(-4) - (-187)/44. Let o(y) = -5*y**2 - m + 2*y**3 + 11*y - 7*y + 0*y**2 + 5*y**3. Is o(5) a composite number?
True
Suppose -129 = -5*y - 119. Suppose -r = -5*n - 17, -y*n - n = 4*r + 1. Suppose -r*g + 87 = -19. Is g composite?
False
Let z(g) = 5*g**3 - 41*g**2 - 70*g - 45. Let t be z(32). Suppose -5*w + t = -o, 4*w + 2*o = -o + 95672. Is w composite?
True
Let q = 18196 - 10793. Suppose 6*b - 1699 = q. Is b composite?
True
Let i(p) = -138*p**3 - 2 + p - p**2 - 6 + 10. Let y be i(-1). Let f = 160 + y. Is f composite?
True
Let y = 221604 + -121250. Is y a composite number?
True
Let a(r) be the second derivative of -5*r**5/6 - 3*r**4/8 - 5*r**3/3 - 8*r. Let p(f) be the second derivative of a(f). Is p(-4) composite?
True
Let b(j) = -8*j**2 + j + 2. Let h be b(2). Let a = h - -22. Let t(w) = w**3 + 13*w**2 + 8*w + 9. Is t(a) a composite number?
True
Let m be ((-297)/162)/((-2)/12). Suppose -m*u + 655 = -6*u. Let o = 666 + u. Is o a composite number?
False
Suppose 14*g - 19*g = b - 925443, -2*g - b + 370176 = 0. Is g composite?
False
Let i(f) = 279*f**2 - 5*f - 19. Is i(3) a composite number?
False
Suppose 78 = -2*b + 72. Let h(i) = -119*i**3 - i**2 - 5*i - 16. Is h(b) composite?
False
Suppose -4*q - 26203 = -132189 - 65258. Is q prime?
False
Let v be 7/((-14)/(-564)) + 3 - -3. Let t = -229 + 281. Suppose t + v = 4*x. Is x a prime number?
False
Is (-32 - -43573)/(0 - 1)*-1 a composite number?
Fal